es 35 divide 4601?
False
Is 31 a factor of 2072?
False
Is 231 a multiple of 5?
False
Is 13 a factor of 556?
False
Is 72 a factor of 89424?
True
Is 3795 a multiple of 55?
True
Does 12 divide 54288?
True
Is 37414 a multiple of 168?
False
Is 1259 a multiple of 189?
False
Does 29 divide 2034?
False
Is 10 a factor of 3812?
False
Is 13 a factor of 3266?
False
Is 96 a factor of 14341?
False
Does 89 divide 3949?
False
Does 10 divide 18815?
False
Is 61816 a multiple of 102?
False
Does 76 divide 22800?
True
Is 2212 a multiple of 10?
False
Is 26 a factor of 1754?
False
Is 2425 a multiple of 30?
False
Is 2667 a multiple of 11?
False
Is 105 a factor of 2835?
True
Is 950 a multiple of 10?
True
Does 26 divide 4147?
False
Is 9 a multiple of 9?
True
Is 455 a multiple of 11?
False
Is 6 a multiple of 6?
True
Is 11172 a multiple of 21?
True
Is 352 a multiple of 38?
False
Is 21 a factor of 7035?
True
Is 45 a factor of 11250?
True
Does 247 divide 41249?
True
Is 7021 a multiple of 95?
False
Is 85414 a multiple of 56?
False
Is 2193 a multiple of 14?
False
Is 76 a factor of 75468?
True
Does 87 divide 121914?
False
Is 119 a factor of 7497?
True
Is 1141 a multiple of 106?
False
Does 23 divide 24426?
True
Is 52 a factor of 4732?
True
Is 22 a factor of 1283?
False
Is 419 a multiple of 3?
False
Does 2 divide 59?
False
Is 2879 a multiple of 54?
False
Is 402 a multiple of 37?
False
Is 3045 a multiple of 35?
True
Is 4 a factor of 5?
False
Is 94 a factor of 470?
True
Is 6045 a multiple of 31?
True
Is 8176 a multiple of 37?
False
Does 9 divide 36756?
True
Is 59 a factor of 35754?
True
Does 2 divide 168?
True
Is 122 a factor of 18178?
True
Is 52822 a multiple of 98?
True
Is 8715 a multiple of 35?
True
Is 13 a factor of 1633?
False
Does 10 divide 823?
False
Is 1624 a multiple of 14?
True
Is 9 a factor of 4668?
False
Is 16 a factor of 640?
True
Is 5060 a multiple of 92?
True
Is 5 a factor of 1724?
False
Is 115 a factor of 996?
False
Is 3 a factor of 50?
False
Is 210 a multiple of 21?
True
Does 21 divide 6657?
True
Is 93 a factor of 465?
True
Does 9 divide 729?
True
Is 11 a factor of 26?
False
Does 5 divide 891?
False
Is 128 a multiple of 4?
True
Is 17 a factor of 306?
True
Is 104 a factor of 18886?
False
Is 1003 a multiple of 59?
True
Is 5676 a multiple of 20?
False
Is 16 a factor of 34?
False
Does 7 divide 213?
False
Is 7200 a multiple of 9?
True
Does 11 divide 627?
True
Does 31 divide 15603?
False
Is 665 a multiple of 95?
True
Is 47 a factor of 7626?
False
Is 29061 a multiple of 16?
False
Is 328 a factor of 68511?
False
Is 9576 a multiple of 21?
True
Is 36 a factor of 2827?
False
Is 14 a factor of 7700?
True
Is 2862 a multiple of 54?
True
Is 5735 a multiple of 69?
False
Is 1127 a multiple of 21?
False
Does 10 divide 1810?
True
Is 1078 a multiple of 33?
False
Is 151 a factor of 1222?
False
Is 9345 a multiple of 15?
True
Does 18 divide 26704?
False
Does 41 divide 861?
True
Is 42 a factor of 696?
False
Is 15 a factor of 4238?
False
Does 87 divide 2958?
True
Is 399 a multiple of 2?
False
Does 20 divide 11640?
True
Does 84 divide 3696?
True
Is 15 a factor of 510?
True
Is 697 a multiple of 6?
False
Is 137 a factor of 3562?
True
Does 13 divide 1305?
False
Is 44 a factor of 264?
True
Is 15040 a multiple of 5?
True
Does 61 divide 976?
True
Is 13 a factor of 4229?
False
Does 77 divide 27874?
True
Is 19 a factor of 20?
False
Does 25 divide 9925?
True
Is 9167 a multiple of 31?
False
Is 2 a factor of 4158?
True
Is 4796 a multiple of 22?
True
Is 12 a factor of 398?
False
Is 6 a factor of 401?
False
Does 13 divide 377?
True
Does 174 divide 24486?
False
Does 84 divide 8127?
False
Is 11 a factor of 851?
False
Is 21 a factor of 7833?
True
Does 51 divide 2101?
False
Does 31 divide 1013?
False
Is 117 a factor of 3510?
True
Does 168 divide 9408?
True
Does 7 divide 44394?
True
Is 340 a multiple of 72?
False
Does 17 divide 13379?
True
Is 7 a factor of 1323?
True
Does 52 divide 685?
False
Is 40 a factor of 160?
True
Does 82 divide 717?
False
Is 4 a factor of 507?
False
Does 53 divide 9964?
True
Does 10 divide 61652?
False
Does 35 divide 1160?
False
Is 114076 a multiple of 76?
True
Does 51 divide 11998?
False
Is 6 a factor of 18954?
True
Does 66 divide 7578?
False
Is 242 a factor of 39688?
True
Is 113283 a multiple of 41?
True
Does 10 divide 36560?
True
Does 22 divide 53702?
True
Does 8 divide 608?
True
Is 3964 a multiple of 9?
False
Is 1200 a multiple of 120?
True
Does 25 divide 56?
False
Is 766 a multiple of 153?
False
Is 4906 a multiple of 22?
True
Does 33 divide 2706?
True
Does 29 divide 1163?
False
Is 19 a factor of 14350?
False
Does 4 divide 112?
True
Does 33 divide 1089?
True
Is 38 a factor of 11110?
False
Does 11 divide 98265?
False
Is 40 a factor of 7960?
True
Does 20 divide 2020?
True
Is 121 a factor of 6564?
False
Is 56760 a multiple of 215?
True
Is 202 a multiple of 46?
False
Is 41 a factor of 6232?
True
Is 375 a multiple of 25?
True
Is 19183 a multiple of 54?
False
Is 11 a factor of 22363?
True
Is 13 a factor of 6315?
False
Is 38 a factor of 1216?
True
Does 111 divide 5550?
True
Is 12 a factor of 75549?
False
Is 167 a multiple of 33?
False
Does 3 divide 536?
False
Does 13 divide 1625?
True
Is 80 a factor of 17200?
True
Is 7 a factor of 2841?
False
Is 685 a multiple of 24?
False
Is 5 a factor of 3511?
False
Does 18 divide 1451?
False
Is 165 a factor of 36300?
True
Does 118 divide 16448?
False
Is 12609 a multiple of 65?
False
Is 5483 a multiple of 3?
False
Does 147 divide 6044?
False
Is 763 a multiple of 8?
False
Is 13 a factor of 32329?
False
Does 40 divide 89040?
True
Is 4 a factor of 100?
True
Is 23 a factor of 6118?
True
Does 16 divide 2198?
False
Does 26 divide 8039?
False
Is 16613 a multiple of 37?
True
Does 189 divide 38556?
True
Is 8540 a multiple of 6?
False
Does 33 divide 834?
False
Does 171 divide 4346?
False
Is 28 a factor of 4760?
True
Is 28927 a multiple of 16?
False
Is 100 a factor of 8829?
False
Is 43 a factor of 129?
True
Is 95030 a multiple of 72?
False
Does 69 divide 4498?
False
Does 3 divide 306?
True
Is 17 a factor of 2863?
False
Does 25 divide 6104?
False
Is 73 a factor of 24273?
False
Is 136 a multiple of 8?
True
Is 7072 a multiple of 17?
True
Is 52 a factor of 4020?
False
Does 53 divide 457?
False
Does 38 divide 9804?
True
Does 61 divide 4914?
False
Does 21 divide 1407?
True
Is 3 a factor of 2253?
True
Is 19 a factor of 3078?
True
Is 76 a factor of 228?
True
Does 159 divide 28774?
False
Is 14 a factor of 8918?
True
Is 42520 a multiple of 116?
False
Does 10 divide 60419?
False
Is 8 a factor of 16?
True
Does 73 divide 5269?
False
Is 24544 a multiple of 26?
True
Does 15 divide 44040?
True
Is 25 a factor of 3250?
True
Is 66 a multiple of 33?
True
Is 31 a factor of 20894?
True
Is 2340 a multiple of 52?
True
Is 112 a factor of 12880?
True
Does 15 divide 735?
True
Is 10688 a multiple of 6?
False
Is 18564 a multiple of 14?
True
Does 5 divide 98?
False
Is 941 a multiple of 19?
False
Is 2450 a multiple of 35?
True
Does 49 divide 20663?
False
Is 61 a factor of 39068?
False
Is 9691 a multiple of 11?
True
Does 49 divide 7938?
True
Is 1820 a multiple of 7?
True
Does 54 divide 2043?
False
Is 25130 a multiple of 41?
False
Is 66 a factor of 1603?
False
Is 120 a multiple of 15?
True
Does 15 divide 2280?
True
Is 14 a factor of 148?
False
Does 19 divide 608?
True
Does 50 divide 800?
True
Does 50 divide 3222?
False
Does 18 divide 684?
True
Is 516 a multiple of 23?
False
Is 132146 a multiple of 24?
False
Is 14 a multiple of 3?
False
Is 1260 a multiple of 60?
True
Is 125 a multiple of 115?
False
Is 5 a factor of 945?
True
Is 14973 a multiple of 7?
True
Is 68 a factor of 2778?
False
Does 2 divide 1368?
True
Is 44 a factor of 5632?
True
Is 4080 a multiple of 102?
True
Is 55 a factor of 10395?
True
Does 103 divide 4841?
True
Does 15 divide 597?
False
Does 101 divide 24930?
False
Does 66 divide 1973?
False
Is 137 a factor of 3316?
False
Is 80155 a multiple of 17?
True
Does 33 divide 2010?
False
Does 3 divide 10371?
True
Is 7 a factor of 756?
True
Does 3 divide 10172?
False
Is 7204 a multiple of 110?
False
Does 36 divide 6030?
False
Is 47 a multiple of 14?
False
Does 13 divide 1573?
True
Does 4 divide 842?
False
Does 165 divide 62533?
False
Is 21 a factor of 20391?
True
Is 25 a factor of 160